*p**3/3 - 3*p - 35. Let y = -155 - -158. What is q(y)?
-12
Let v(p) = p**3 + 4*p**2. Let i be ((-8)/10)/((-20)/(-150)). Let s = 2 + i. Determine v(s).
0
Let c(x) = x - 5. Let y be (-14 + 2)/(-1 - 1). Suppose -4*f = -y*f. Suppose r + q + 1 = 0, r - 2*q - 5 - 9 = f. Calculate c(r).
-1
Let g(s) = -88 - 3*s + 72 + s. Calculate g(-6).
-4
Let d be -3 + 4/(1 - -1). Let t(k) = -3*k**3 + k**2 + 2*k - 3. Let m be t(1). Let v(o) = 9*o - 5. Let z(g) = -4*g + 2. Let a(c) = m*v(c) - 7*z(c). What is a(d)?
0
Let z be ((-1)/(-2))/(10/(-60)). Let r(i) be the third derivative of -i**5/60 - i**4/24 + 2*i**3/3 - 17*i**2. Calculate r(z).
-2
Let y be 5/((-375)/(-435)) + 8/(-10). Let u(i) be the second derivative of 0 - 1/20*i**y + 7*i + 0*i**2 - 1/2*i**3 - 5/12*i**4. What is u(-4)?
-4
Let u(h) be the third derivative of -h**5/20 - h**4/12 + h**3/2 - 7*h**2. Let n be u(-2). Let v(j) = j**2 + 7*j + 7. Determine v(n).
-3
Let t(q) be the first derivative of q**4/4 - q**3/3 - q**2 - 12*q + 14. Let m(h) be the first derivative of t(h). What is m(2)?
6
Let i(t) = 7*t**3 - 18*t + 16 + 17*t - 16. Give i(-1).
-6
Let t(m) = -m**2 - 9*m + 8. Let k be (6/4)/(1/2). Suppose k*h + 14 = -2*j - 6, 4*j = -3*h - 10. Determine t(h).
-2
Let y(i) = 2 - 66*i**3 + 52*i**3 + 15*i**3. Calculate y(0).
2
Let l(t) = 4*t**2 + 4*t + 3. Let y be l(-1). Suppose f - 7 = -y*p, 6*p - 2 = 2*f + 4*p. Let k(a) = 3*a**2 - 1. What is k(f)?
2
Let i(u) = -7*u + 3. Let w(z) = -13*z + 6. Let a(f) = 11*i(f) - 6*w(f). Let b(q) = 1. Let m(s) = -2*a(s) - 5*b(s). Calculate m(-3).
7
Let a = 145 - 152. Let y(f) = f + 8. What is y(a)?
1
Let y(v) = -v - 16. Let u be 1*(-13 - -4 - 2). What is y(u)?
-5
Let q(g) be the third derivative of 7*g**4/24 + 2*g**3/3 + 72*g**2. Calculate q(-4).
-24
Let b(x) = -11*x - 4 + 6*x**2 + 16*x**2 + 0*x + 8*x**2 - 27*x**2. Determine b(5).
16
Let m = -630 - -634. Let i(t) = t**2 - 7*t + 6. Give i(m).
-6
Let r(b) be the first derivative of 4 + 5/3*b**3 + 7*b - 1/4*b**4 - 1/2*b**2. What is r(5)?
2
Let m(d) be the third derivative of -d**4/24 + 4*d**3/3 - 11*d**2. Let n be m(6). Let s(l) = -2*l**3 + l**2 - l. What is s(n)?
-14
Let a(o) = o**3 - 4*o**2 - o - 6. Let w be 24/9 + 2/(-3). Let q(r) = 2*r. Let m be q(w). Suppose 2*v - m*v - 7 = -3*l, -5*l + 2*v = -17. Determine a(l).
14
Let m = -620 - -623. Let w(i) = 2*i**2 + 3*i + 0*i**3 - 2 - i**3 + i. Determine w(m).
1
Let k(v) = v**2 + 0*v**2 + 176 - 162 + 10*v. Give k(-6).
-10
Let i be 16 + -3 + (-3)/(-3). Let n = -4 + i. Suppose 5*z - n = 5. Let u(g) = g**2 - 7*g + 3. Calculate u(z).
-9
Let s(z) = -3*z**2 + 23*z - 23. Let o(t) = -5*t**2 + 35*t - 35. Let v(m) = 5*o(m) - 8*s(m). Calculate v(-11).
-13
Suppose -9*v = -4*v - 5. Suppose 0 = -3*j - v + 61. Suppose 0 = 4*s - 2*z + 20, 2*z - j = 3*s - 6. Let b(f) = -2*f - 8. Calculate b(s).
4
Let i(q) = -q - 2. Let t be i(5). Let w = 5 - t. Let a(b) = -30 - b**2 + w + 9 - b**3 - b. What is a(0)?
-9
Let f(h) = -8*h**3 - 1. Let z be f(1). Let n = -8 - z. Let i(o) = 3*o - 2. Let g be i(n). Let a(c) = 6*c**3 - 2*c**2 + c. Calculate a(g).
5
Let n = 188 - 192. Let h(q) = q**2 + 10*q + 3. Calculate h(n).
-21
Let j(k) = 3*k**3 - 21*k**2 - 19*k - 13. Let a(d) = -4*d**3 + 31*d**2 + 28*d + 19. Let u(h) = 5*a(h) + 7*j(h). Let b be (-1)/5 - 408/60. What is u(b)?
4
Let p(x) = 9*x**2 - 8*x**2 + 6*x + 15 - x - x - 14. Give p(-3).
-2
Let p(y) = -y**3 - 5*y**2 + y + 2. Suppose 89 = 4*u + 41. Suppose r + 7 = -3*w - u, -2*w + 2*r = 2. Give p(w).
-3
Let w(l) = 17*l**2 + 3*l - 5. Let z(j) = 3*j**2 - 2. Let f(m) = w(m) - 6*z(m). Give f(4).
3
Let j(q) = q - 1. Suppose -9 = 3*z + 4*y, -2*z - 5*y - 19 = -6*z. Let m(c) = -c - 5. Let d(n) = z*m(n) - 6*j(n). Give d(-1).
8
Let d(c) = -c + 6. Let l be d(6). Let f(t) = 5*t**3 - 3*t**2 - 4*t - 2. Let k(m) = -6*m**3 + 4*m**2 + 5*m + 3. Let i(h) = -5*f(h) - 4*k(h). Calculate i(l).
-2
Let x(z) = 3*z - 2*z - 2*z - 3 - 4. Let y(p) = p**3 - 13*p**2 + 12*p + 6. Let f be y(12). What is x(f)?
-13
Let f be 17/4 - (-42)/(-168) - 22. Let y(h) = h**3 + 19*h**2 + 16*h - 36. Give y(f).
0
Let k(u) be the second derivative of -u**5/20 - 3*u**4/4 - 7*u**3/6 + 4*u**2 + 173*u. What is k(-7)?
-41
Let s(h) = -h**3 + 4*h**2 + 4*h + 4. Suppose -5*t - 64 = 3*p, 3*t - 3*p + 48 + 0 = 0. Let a(q) = -q**2 - 13*q + 19. Let u be a(t). Determine s(u).
-1
Let h(m) = 3*m + 23. Suppose 19 = -q + 3*d + d, -5*q - 4*d - 23 = 0. Let k be h(q). Let f(x) = -3*x**2 + x + 2. Determine f(k).
-8
Let s(r) = 58*r + 43. Let i(f) = 12*f + 8. Let z(o) = 11*i(o) - 2*s(o). Calculate z(-2).
-30
Suppose 10*y = -y + 77. Let t(b) = 5*b**3 + 5*b**2 + 1. Let u(r) = -9*r**3 - 10*r**2 - r - 2. Let j(l) = y*t(l) + 4*u(l). Give j(-4).
-1
Let n(t) = 2*t**2 - 6*t - 4. Let r be n(5). Let s = 14 - r. Let g(u) = u**2 + 3*u + 1. Calculate g(s).
-1
Let k(u) be the third derivative of u**4/24 + 7*u**3/6 - 38*u**2. Give k(-4).
3
Let g(a) be the second derivative of -1/6*a**3 - 7*a - 7/2*a**2 + 0. What is g(0)?
-7
Let y(o) = o**3 - 6*o**2 + 7*o - 3. Let h be ((-10)/15)/((272/(-120))/17). Give y(h).
7
Let b(y) = -25*y + 16. Let u(v) = 399*v - 252. Let x(h) = -63*b(h) - 4*u(h). What is x(-2)?
42
Let z(j) be the second derivative of j**5/20 - 3*j**4/4 + j**3/3 + 7*j**2/2 - 24*j. What is z(9)?
25
Suppose -5*m + 5*r - 2*r + 1 = 0, 0 = 5*m + 3*r + 11. Let f(k) = 8*k**2 - 3*k - 3. What is f(m)?
8
Let t(o) = o**2 - 27*o - 82. Let b be t(30). Let w(n) = 5*n - 7. Calculate w(b).
33
Let z(k) = 2*k**2 + 11*k + 8. Suppose -6*l - l = 35. Calculate z(l).
3
Let n(d) = d**3 + 7*d**2 - 9*d + 1. Let x(t) = -t**3 - t**2 - t - 8. Let k be x(0). What is n(k)?
9
Let p(i) be the first derivative of -i**4/4 - i**3/3 + 1. Suppose 7*u = 9*u - 24. Let l be 20/u + 7/21. Determine p(l).
-12
Let d be 10/15*3 + 1. Let h(x) = -3*x - 3. Let c be h(-3). Let u(v) = -3*v - c*v + 3*v + 3. What is u(d)?
-15
Let n = 3 - 1. Let b = -5 - -9. Let k(w) = 3*w - 4 + 7 - b. Determine k(n).
5
Let a(z) = -17*z**3 + 18*z**3 + 1368 - 1363. Give a(0).
5
Let o = 19 + -15. Let l be o - 5 - -1 - -3. Let s(u) = 5*u - 3*u**2 + l - 1 + u**3 - 3*u**2. Calculate s(4).
-10
Let k(y) be the first derivative of y - 2*y**2 - 10 + 40 - y. What is k(3)?
-12
Let y(o) = -o**2 + 12*o. Let p(a) = a + 18. Let m be p(-6). Let r be y(m). Let i(w) = -w**2 - w - 1. What is i(r)?
-1
Let o(i) = i**2 + 3*i + 1. Let w be (2/(-6) + (-355)/15)/1. Suppose 4*x + 82 = -3*b, -x = -2*x - 4*b - 14. Let t = w - x. Give o(t).
-1
Let s be 4/14 + 46/(-14). Suppose -6*p - 2 = -8*p. Let a(n) = -2*n + 4. Let w(h) = 1. Let o(i) = p*a(i) - 6*w(i). Determine o(s).
4
Let c(m) = -m**3 - 5*m**2 - 7*m - 8. Let y be c(-4). Suppose -4*t - 2 = 3*r, t + 0*t + 7 = -y*r. Let g(k) = -6*k + 1. What is g(t)?
-5
Let h = -603 - -606. Let v(n) be the first derivative of 2/3*n**h + 4 + n - n**2. Calculate v(3).
13
Suppose -24 + 9 = -5*d. Let j(s) = 11*s + 12. Let g(t) = 4*t + 4. Let u(z) = d*j(z) - 8*g(z). Determine u(3).
7
Let r(j) = -1 + j**3 - 5*j**2 + 0*j - j + 4*j**2. Suppose -2*w + v + 4 = 0, 202*w + 5*v + 20 = 199*w. Determine r(w).
-1
Let m(n) = n**2 - 11*n + 15. Let t be m(10). Let p(x) = x**3 - 5*x**2 + 2*x - 4. Give p(t).
6
Let c(a) = -a - 8. Let s(y) = -y - 8. Let o(f) = -5*c(f) + 6*s(f). What is o(-4)?
-4
Let o(f) = 2*f**3 - 5*f**2 - 3*f + 4. Suppose i = -k + 1 - 3, 6 = -i - 5*k. Let w(v) = v**3 - v**2 + v - 1. Let m(c) = i*o(c) + w(c). Calculate m(5).
-10
Suppose 0 = 21*m - 25*m + 48. Suppose -3*l = -7*l + m. Suppose -5 + l = -o. Let h(i) = -7*i + 2. Determine h(o).
-12
Let t = 82 - 94. Let i be t/5 - 30/50. Let z(p) = p**3 + 3*p**2 - 4*p. What is z(i)?
12
Let x = 26 + -23. Suppose j + 10 = x*j. Let w(a) = 6 + 8*a**2 - 4*a + j*a - 6. Give w(-1).
7
Let a be (-10)/(-80) + (-243)/24. Let t(r) = r**2 + 2*r - 9. Calculate t(a).
71
Let y(z) = -17*z**3 + 14*z**2 + 36. Let c(r) = 3*r**3 - 3*r**2 - 7. Let n(x) = -11*c(x) - 2*y(x). Suppose -3*g + 3*h = 9, -g - 4 - 5 = 2*h. What is n(g)?
5
Let w be 4 + -4 + 3 + 5. Let j(f) = -f**2 + 8*f + 1. What is j(w)?
1
Let c = 34 - 30. Let b(a) = -3*a + 14. Let q be b(c). Let u(p) = 2*p - 1. Give u(q).
3
Let y(r) = 9*r - 5*r - 11 + 7*r - 7*r - r. Give y(10).
19
Let d(p) be the third derivative of -p**4/24 - 2*p**3/3 - 4*p**2. Determine d(-6).
2
Let o be (7 - -56)/(-9) - -26. Let i(z) = -z**3 + 18*z**2 + 20*z - 14. Give i(o